t a = 89 + -69. What are the prime factors of a?
2, 5
Let h(o) = o**3 + 5*o**2 - 5*o + 4. Let q be h(-6). Suppose 7*z - 5 = 2*z, -3*r + 17 = 2*z. List the prime factors of q/(-5) + 68/r.
2, 7
Let c = -34 - -292. What are the prime factors of c?
2, 3, 43
Let s be (-2 - -2)*(-2)/4. Suppose 3*p - 25 = 5*w, -3*w + 3 = -s*w. List the prime factors of p.
2, 5
Let o(i) = i**2 + 10*i + 15. Let l be o(-10). Let x(s) = s - 10. Let r be x(0). Let j = l + r. What are the prime factors of j?
5
Suppose -h + 5*d + 32 = 5, -5*h - 2*d + 54 = 0. List the prime factors of h.
2, 3
List the prime factors of (-1 + 5)/(4/26).
2, 13
Let f(v) = v + 8. Let w be f(-10). List the prime factors of (0 - w/(-4))*-8.
2
Let k(t) = t**3 + 15*t**2 + 16*t + 43. List the prime factors of k(-13).
173
Let f(z) = 2*z**2 + 12*z + 11. List the prime factors of f(-11).
11
Suppose -4*o + 148 = -4*c - o, 5*o = -20. List the prime factors of (-136)/c - (-4)/(-10).
3
Suppose 0 = h - 3*k + 6, -4*h + 3*k + 6 = h. Let y be 0 - (-10 + -1 + h). Let g = y - 4. What are the prime factors of g?
2
Suppose 3*j - 4*p - 150 = j, -j - 4*p + 57 = 0. What are the prime factors of j?
3, 23
Let n(q) = -q - 8. Let d(f) = -2*f**2 - 4*f. Let s be d(-3). Let t be n(s). List the prime factors of (-1)/(1/2)*t.
2
Let r(n) = 7*n - 4*n**3 - 7*n**2 - 4 + 5*n**3 + 0. Let p be r(6). Let t = 6 - p. What are the prime factors of t?
2
Suppose -165 = -4*y + h, 0*h - h + 3 = 0. List the prime factors of y.
2, 3, 7
Suppose -5*n + 7*n = -5*p + 54, -4 = -2*n. What are the prime factors of p?
2, 5
Let j = 16 + -9. Let k = j - 3. List the prime factors of k.
2
Suppose 2*l = -14 - 0. Let o = 11 + l. List the prime factors of o.
2
What are the prime factors of 2/2 - -1 - -4?
2, 3
Let z be (-34)/9 - 4/18. Let r(p) = -p**3 - 8*p**2 + 8*p - 10. Let g be r(-9). What are the prime factors of (-3)/((-3)/z)*g?
2
Suppose 5*g = 3*g + 2. What are the prime factors of (g/2)/(5/130)?
13
List the prime factors of ((-45)/(-54))/((-1)/(-6)).
5
Suppose 3*u - 46 = -5*g - 309, -4*g - 204 = -4*u. What are the prime factors of g/(-3) + (-4)/(-6)?
2, 3
Let r be (31/(-5) - -3)*-5. Let f = -4 + r. List the prime factors of f.
2, 3
Let z(y) = 39*y**3 + y**2 - 1. List the prime factors of z(1).
3, 13
Suppose 12 = -2*p + l - 5, 3*p = l - 27. Let r be 25/9 - p/45. Suppose r*u + u = 28. What are the prime factors of u?
7
Let l(m) = 5*m - 4. Let s(j) = -6*j + 3. Let u(h) = 5*l(h) + 4*s(h). What are the prime factors of u(10)?
2
Let p be (6/(-9))/1*3. Let l be 5/(-10) - 31/p. Suppose 0 = -5*c + 4*c + l. List the prime factors of c.
3, 5
Let t = -5 - -2. Let b = t + 6. Suppose -2 = -4*x - 14, 0 = -3*k - b*x + 27. List the prime factors of k.
2, 3
Suppose -2*b - v = 70, b + 2*v - 25 = 2*b. Let p = -16 - b. List the prime factors of p.
17
Let r(c) be the first derivative of -5*c**2 + 2*c + 1. Let p be r(-5). Suppose -2*m - 32 = -4*m - 4*y, -4*m + p = 2*y. What are the prime factors of m?
2, 3
Suppose 0 = o + 6 - 28. List the prime factors of o.
2, 11
Let o = -90 + 207. Suppose 3*v + 4*a = 59, 5*v + 0*a + 2*a = o. List the prime factors of v.
5
Suppose -5 - 100 = -5*g - 2*x, g - 3 = -4*x. Suppose 5*v - 29 = -2*r, r + 5*v - g = 2*r. What are the prime factors of r/(-4)*-26 + -2?
11
Let u(r) = r**3 - 2*r**2 - 3*r + 1. Let l = 4 - 2. Let j be u(l). What are the prime factors of 62/5 - (-2)/j?
2, 3
Suppose 3*n + n - 376 = 0. List the prime factors of n.
2, 47
Suppose -8*m + 516 = -4*m. List the prime factors of m.
3, 43
Suppose 2*q = q + 5. Suppose -q*r + 43 = -u - 2*u, r - 2*u = 10. List the prime factors of r.
2
Let l(p) = 4*p**3 + 2*p**2 - 1. Let g be l(1). Suppose 8*c - g*c - 6 = 0. List the prime factors of c.
2
Suppose 2*p - 2*m - 11 = m, 0 = 5*p - m - 60. What are the prime factors of p?
13
Suppose 3*q - 27 = 4*p, 6*q - 31 = q + 2*p. Suppose -15 = -4*i + q. What are the prime factors of (8/i)/((-1)/(-5))?
2
Suppose -o + 8 + 20 = 0. What are the prime factors of (o/35)/((-2)/(-60))?
2, 3
Let u(b) = 58*b - 1. What are the prime factors of u(1)?
3, 19
Suppose -13 = -2*u - 15. Suppose 4*y - 4*r - 14 - 30 = 0, 2*y = 3*r + 24. Let l = y + u. What are the prime factors of l?
2
Let u = -3 + 10. Let l = u + -8. Let b = l - -3. What are the prime factors of b?
2
Suppose 4*m = 3*s + 323 + 20, -m + 3*s + 79 = 0. What are the prime factors of m?
2, 11
Suppose u - 3*d = -u + 16, -2*d - 10 = -u. Let c = -12 + u. Let v = 2 - c. What are the prime factors of v?
2, 3
Let r(h) = -h**2 - 3*h + 3. Let y be r(2). Let t = 15 + y. What are the prime factors of t?
2
Suppose 6*w - 3*w = 39. Let b = 37 - w. List the prime factors of b.
2, 3
Suppose -6*v = -1127 - 37. List the prime factors of v.
2, 97
Let x(m) = 4*m**2 - 2. Let l be (-8 + 8)*1/2. Suppose 6*y - 2*y - j = 7, l = -y + 2*j. What are the prime factors of x(y)?
2, 7
Let i(b) = -22*b - 4. Let w be i(-6). Suppose 0 = -4*g + w - 24. What are the prime factors of g?
2, 13
Let x(h) = 10*h - 3. Let m(r) = -r + 1. Let y(i) = -6*m(i) - x(i). What are the prime factors of y(-3)?
3
Let x(k) = -k**2 - 3*k + 10. Let g be x(-5). Suppose 66 = -g*i + 2*i. What are the prime factors of i?
3, 11
Let l = 50 + 30. What are the prime factors of l?
2, 5
Let w(g) = -g**2 - 4*g + 6. Let a be w(-6). Let i(t) = -2*t + 15. Let f(o) = -o + 8. Let x(z) = -5*f(z) + 3*i(z). List the prime factors of x(a).
11
Suppose 4*f = -j + 3, 0 = -5*j + 4*j - f + 6. Let m = j + 5. List the prime factors of m.
2, 3
Suppose i + 5*x = 12, 5*x - 22 = -3*i - 6. Let q(c) = -c + 2. Let g be q(i). Suppose 26 = 2*o - g. List the prime factors of o.
13
Let j(q) = q**2 + 16. List the prime factors of j(0).
2
Suppose -4*f + 200 = 4*h, -2*f + 7*f + 3*h = 244. List the prime factors of f.
47
Let j be 2/4*2 - -2. Suppose -4*o - 2*r = 0, -2*o + 5*r = r. Suppose -36 = -3*n + 5*d, 3*n + o = j*d + 36. What are the prime factors of n?
2, 3
Let a = 69 - -20. List the prime factors of a.
89
Suppose 4*o - 3*j - 212 = -2*j, 2*o - 2*j = 100. List the prime factors of o.
2, 3
Suppose -2*s + 0 = -6. Suppose s*j - 16 = -j. What are the prime factors of j?
2
Suppose u - 99 = -3*d, -4*u + 171 = -d - 186. What are the prime factors of u?
2, 3, 5
Suppose -4*n - 13 = 4*q - 5*q, n + 6 = 3*q. List the prime factors of 2/(-3)*n*4.
2
Let h(n) = 0*n + 0 - 3 - 2 - 2*n. What are the prime factors of h(-5)?
5
Let j(r) = -r**2 - 4*r + 2. Let q(l) = -l**2 + 8*l + 6. Let s be q(9). Let w be j(s). Suppose 0 = w*h + 5 - 45. What are the prime factors of h?
2
Let b = -53 - -107. Let c = b - 28. What are the prime factors of c?
2, 13
Let y = 33 - 18. List the prime factors of (y - 6/3)/1.
13
Let k(s) = s**2 - 9*s + 5. Let l be k(8). Let i(h) = h**3 + 4*h**2 + h - 1. List the prime factors of i(l).
5
What are the prime factors of ((-8)/20)/(2/(-310))?
2, 31
Let m be 26/(-10)*(-10 - -5). Let c(n) = -4*n - 3. Let j be c(-2). Suppose -13 - m = -3*p + a, -10 = j*a. List the prime factors of p.
2
Let y(l) = -8*l + 3. Let d(p) = 31*p - 13. Let w(b) = -2*d(b) - 9*y(b). Let k = -3 + 4. List the prime factors of w(k).
3
Let q = 15 - 11. Suppose q*p = -20, -138 = -4*m - p + 3*p. List the prime factors of m.
2
Suppose -5*z + 3*z + 8 = 0. Suppose q + q = z. List the prime factors of q.
2
Suppose -5*r = -5*x + 53 - 523, 2*x - 88 = -r. List the prime factors of r.
2, 23
Suppose -4*l - 8 = -4*w, l + 0*w - 5*w = -6. List the prime factors of 0 + 45 + l + 0.
2, 11
Suppose 5*j - 5*x = 7 - 2, 4*x = -3*j + 24. Suppose -j*f - 3 + 55 = 0. What are the prime factors of f?
13
Suppose -d = -3*d - 60. Let h be (d/25)/((-6)/260). Suppose 3*v + 4*r = h, -4*v - 2*r = -r - 52. What are the prime factors of v?
2, 3
Let z = 38 + -27. Let b(v) = -v + 24. List the prime factors of b(z).
13
Let a(y) = y**2 - 10*y + 10. Let x be a(10). Let t(g) = -g**3 + 5*g**2 - g + 2. Let l be t(5). Let w = x + l. What are the prime factors of w?
7
What are the prime factors of 0 + 3 + (18 - -68)?
89
Let a(g) = -6*g - 1. Suppose c = -2*i - 11, 0*c = 2*c + 3*i + 18. What are the prime factors of a(c)?
17
List the prime factors of (6/30*5)/((-1)/(-230)).
2, 5, 23
Suppose -2*l = -5*l, 0 = 3*d + 4*l - 6. Let q = d + -1. Let z = 7 + q. What are the prime factors of z?
2
Suppose 0*v = 5*v + 340. Let o = -38 - v. Let u = 42 - o. What are the prime factors of u?
2, 3
L